 digit of 948?
9
What is the tens digit of 8392?
9
What is the units digit of 93055?
5
What is the units digit of 2693?
3
What is the units digit of 3948?
8
What is the thousands digit of 1190?
1
What is the tens digit of 26245?
4
What is the hundreds digit of 51225?
2
What is the thousands digit of 9561?
9
What is the units digit of 4553?
3
What is the ten thousands digit of 101792?
0
What is the thousands digit of 2118?
2
What is the thousands digit of 9636?
9
What is the hundreds digit of 51025?
0
What is the thousands digit of 9741?
9
What is the tens digit of 131?
3
What is the hundreds digit of 1561?
5
What is the units digit of 242?
2
What is the hundreds digit of 7650?
6
What is the units digit of 1887?
7
What is the tens digit of 14765?
6
What is the tens digit of 16638?
3
What is the tens digit of 233?
3
What is the tens digit of 639?
3
What is the hundreds digit of 945?
9
What is the tens digit of 335?
3
What is the tens digit of 20413?
1
What is the tens digit of 83389?
8
What is the ten thousands digit of 32080?
3
What is the units digit of 198?
8
What is the tens digit of 23926?
2
What is the ten thousands digit of 20673?
2
What is the hundreds digit of 970?
9
What is the hundreds digit of 2079?
0
What is the units digit of 1177?
7
What is the units digit of 1530?
0
What is the thousands digit of 6236?
6
What is the thousands digit of 4462?
4
What is the tens digit of 11845?
4
What is the units digit of 8237?
7
What is the hundreds digit of 228?
2
What is the units digit of 97988?
8
What is the units digit of 22599?
9
What is the hundreds digit of 944?
9
What is the hundreds digit of 870?
8
What is the units digit of 17076?
6
What is the units digit of 270?
0
What is the thousands digit of 72153?
2
What is the hundreds digit of 44941?
9
What is the thousands digit of 7625?
7
What is the units digit of 26477?
7
What is the tens digit of 3115?
1
What is the thousands digit of 4636?
4
What is the units digit of 18555?
5
What is the units digit of 1504?
4
What is the tens digit of 9204?
0
What is the thousands digit of 1272?
1
What is the thousands digit of 3595?
3
What is the hundreds digit of 36189?
1
What is the ten thousands digit of 21162?
2
What is the units digit of 839?
9
What is the hundreds digit of 9387?
3
What is the thousands digit of 80672?
0
What is the thousands digit of 1211?
1
What is the units digit of 3246?
6
What is the thousands digit of 31627?
1
What is the tens digit of 41483?
8
What is the ten thousands digit of 33009?
3
What is the units digit of 13210?
0
What is the tens digit of 9684?
8
What is the thousands digit of 1159?
1
What is the units digit of 681?
1
What is the tens digit of 2270?
7
What is the hundreds digit of 2455?
4
What is the tens digit of 14889?
8
What is the tens digit of 113016?
1
What is the hundreds digit of 494?
4
What is the thousands digit of 30018?
0
What is the hundreds digit of 13979?
9
What is the hundreds digit of 107218?
2
What is the thousands digit of 1982?
1
What is the units digit of 1420?
0
What is the units digit of 8737?
7
What is the units digit of 4976?
6
What is the units digit of 14457?
7
What is the tens digit of 3443?
4
What is the hundreds digit of 3718?
7
What is the tens digit of 3003?
0
What is the tens digit of 14525?
2
What is the thousands digit of 18648?
8
What is the tens digit of 503?
0
What is the hundreds digit of 30069?
0
What is the thousands digit of 2586?
2
What is the units digit of 3489?
9
What is the tens digit of 1074?
7
What is the hundreds digit of 36529?
5
What is the thousands digit of 3493?
3
What is the tens digit of 83181?
8
What is the tens digit of 1695?
9
What is the ten thousands digit of 21758?
2
What is the ten thousands digit of 99520?
9
What is the hundreds digit of 17386?
3
What is the tens digit of 533?
3
What is the hundreds digit of 151?
1
What is the units digit of 117082?
2
What is the hundreds digit of 3774?
7
What is the thousands digit of 2145?
2
What is the tens digit of 1392?
9
What is the tens digit of 24153?
5
What is the thousands digit of 3383?
3
What is the hundreds digit of 2781?
7
What is the hundreds digit of 2143?
1
What is the thousands digit of 6612?
6
What is the ten thousands digit of 19051?
1
What is the units digit of 1051?
1
What is the hundreds digit of 5280?
2
What is the hundreds digit of 28836?
8
What is the units digit of 3577?
7
What is the thousands digit of 1723?
1
What is the tens digit of 181?
8
What is the tens digit of 7036?
3
What is the hundreds digit of 73886?
8
What is the units digit of 2771?
1
What is the units digit of 33?
3
What is the tens digit of 2462?
6
What is the hundreds digit of 273?
2
What is the tens digit of 9889?
8
What is the thousands digit of 3908?
3
What is the tens digit of 20110?
1
What is the thousands digit of 26153?
6
What is the tens digit of 1982?
8
What is the tens digit of 40102?
0
What is the units digit of 5225?
5
What is the hundreds digit of 41343?
3
What is the hundreds digit of 6197?
1
What is the units digit of 1198?
8
What is the units digit of 154006?
6
What is the ten thousands digit of 79801?
7
What is the thousands digit of 2649?
2
What is the tens digit of 502?
0
What is the thousands digit of 4450?
4
What is the hundreds digit of 425?
4
What is the units digit of 2903?
3
What is the tens digit of 873?
7
What is the thousands digit of 1102?
1
What is the units digit of 5359?
9
What is the hundreds digit of 951?
9
What is the hundreds digit of 18968?
9
What is the hundreds digit of 1809?
8
What is the tens digit of 7279?
7
What is the units digit of 3438?
8
What is the tens digit of 57580?
8
What is the thousands digit of 124476?
4
What is the hundreds digit of 18397?
3
What is the units digit of 4359?
9
What is the hundreds digit of 677?
6
What is the units digit of 38910?
0
What is the hundreds digit of 1073?
0
What is the tens digit of 5688?
8
What is the tens digit of 790?
9
What is the tens digit of 15905?
0
What is the ten thousands digit of 12704?
1
What is the tens digit of 1309?
0
What is the tens digit of 861?
6
What is the thousands digit of 3841?
3
What is the thousands digit of 15215?
5
What is the hundreds digit of 15636?
6
What is the units digit of 31744?
4
What is the tens digit of 1023?
2
What is the units digit of 377?
7
What is the units digit of 1699?
9
What is the ten thousands digit of 67579?
6
What is the units digit of 58827?
7
What is the thousands digit of 5292?
5
What is the units digit of 2397?
7
What is the units digit of 94204?
4
What is the units digit of 1361?
1
What is the hundreds digit of 202?
2
What is the tens digit of 1138?
3
What is the tens digit of 33130?
3
What is the thousands digit of 7598?
7
What is the thousands digit of 72187?
2
What is the units digit of 1662?
2
What is the hundreds digit of 815?
8
What is the hundreds digit of 589?
5
What is the tens digit of 314?
1
What is the hundreds digit of 239?
2
What is the thousands digit of 1382?
1
What is the tens digit of 20872?
7
What is the ten thousands digit of 44019?
4
What is the thousands digit of 5447?
5
What is the units digit of 456?
6
What is the units digit of 69582?
2
What is the units digit of 9?
9
What is the hundreds digit of 447?
4
What is the thousands digit of 37763?
7
What is the thousands digit of 65725?
5
What is the units digit of 533?
3
What is the thousands digit of 27814?
7
What is the tens digit of 4388?
8
What is the hundreds digit of 507?
5
What is the thousands digit of 25515?
5
What is the hundreds digit of 535?
5
What is the units digit of 36294?
4
What is the tens digit of 13266?
6
What is the ten thousands digit of 13971?
1
What is the thousands digit of 7511?
7
What is the hundreds digit of 1097?
0
What is the hundreds digit of 44668?
6
What is the units digit of 65?
5
What is the hundreds digit of 2123?
1
What is the tens digit of 9105?
0
What is the tens digit of 525?
2
What is the tens digit of 3532?
3
What is the thousands digit of 9589?
9
What is the hundreds digit of 62067?
0
What is the thousands digit of 3813?
3
What is the thousands digit of 1500?
1
What is the tens digit of 41555?
5
What is the hundreds digit of 461?
4
What is the hundreds digit of 351?
3
What is the tens digit of 23980?
8
What is the unit